. Let j(o) = -7*o - 5. Let a(s) = -2*j(s) - 5*z(s). List the prime factors of a(-4).
2
Suppose 2*t = 3*l + 392, 4*t - 5*l + 980 = 9*t. List the prime factors of t.
2, 7
Suppose 0*y = 2*y - 12. Let k = -4 + y. List the prime factors of k.
2
Let o(l) = -l**3 + l**2 + 9*l - 1. Let b(u) = -u**3 + u**2 + 10*u - 1. Let x(d) = 6*b(d) - 7*o(d). Let k be x(2). List the prime factors of 9/1 - (4 + k).
2, 3
Let n be ((-8)/10)/((-18)/45). Suppose -4*j + 115 = c + 12, 0 = n*j - 5*c - 35. List the prime factors of j.
5
Let z(h) = 2*h + 2. Let l be z(5). Suppose k = 3*q, -2*q = q + 3*k + l. List the prime factors of 177/12 + q/(-4).
3, 5
Suppose m = -4*t + 8 - 3, -2*m = -2*t. Let g be (-3)/((-22)/16 + t). Let k = 16 - g. List the prime factors of k.
2
Suppose 0 = 5*y - 0*y - 690. What are the prime factors of y?
2, 3, 23
Let v = 20 + -33. Let m = v - -23. List the prime factors of m.
2, 5
Let s be 5/(-2)*(6 - 8). Let j = 9 - s. List the prime factors of j.
2
Let k(n) = -3 + 0*n**2 + 14*n**3 - 4*n + 0*n**2 - 15*n**3. What are the prime factors of k(-2)?
13
Suppose 4*y - 2*y = 14. Let h = -5 + y. What are the prime factors of (h*-1 - -2) + 4?
2
Suppose -2*u + 0*u + 10 = 0. Suppose -u*r + 48 = -r. What are the prime factors of r?
2, 3
Let j(o) = -4*o**3 + 4*o**2 - o - 2. Let u be j(2). Let g = u + 29. Suppose -4*v + g = 1. List the prime factors of v.
2
Let t(b) = -2*b + 10 + 12*b - b**2 + 0*b + 4*b. List the prime factors of t(12).
2, 17
Suppose -5*g + 4*a - 53 = 0, -2*g - 16 = -a + 2*a. Let i = -2 - g. What are the prime factors of i?
7
Let v(i) = i**3 - 17*i**2 + 24*i - 37. List the prime factors of v(16).
7, 13
Let u(s) = 2*s**2 + 13*s + 6. What are the prime factors of u(-7)?
13
Let c(z) = 2*z. Let h be c(1). Suppose 6 = k + h. What are the prime factors of k?
2
List the prime factors of 4/(165/163 + (-3)/3).
2, 163
List the prime factors of 9/(-6)*96/(-9).
2
Suppose -3*q + 22 = 4*z - 14, 4*q = -z + 22. Suppose -2*g = -z*g + 2*a + 44, -3*g = -4*a - 28. List the prime factors of g.
2, 3
Suppose -5*l + 0 = -170. List the prime factors of (l/(-2))/(-1) + 3.
2, 5
Suppose -4*b - 5*h = -92, -3*h - h = 0. List the prime factors of b.
23
Let w(z) = -4*z**2 + 2*z + 6. Let k(i) = 5*i**2 - i - 7. Let f(m) = -3*k(m) - 4*w(m). Let a be f(7). Suppose 0 = -4*v - a + 63. List the prime factors of v.
13
Let p(f) = -f**2 + 6*f - 1. Let b be p(5). Suppose -5*a + 2*m = -107, 3*a - b*m = a + 46. List the prime factors of a.
3, 7
Let j = 33 - -7. Suppose y - 33 = 4*v + 2*y, 5*v + j = -y. List the prime factors of 6/1*(-6 - v).
2, 3
Suppose -b + 2 = -1. What are the prime factors of b?
3
Let b(d) = -7*d + 3. Let s be 1 - 5 - 0/(-4). List the prime factors of b(s).
31
Let c = -7 + 86. List the prime factors of c.
79
Let t = 5 - -7. Suppose 4*h - 9*h - 3*n = -56, -5*h - n + 52 = 0. List the prime factors of 86/h - t/(-30).
3
Let u(h) = 17*h**2 - 2*h - 1. What are the prime factors of u(-2)?
71
Suppose -5*d = 4*g - 2, 0 = 2*g - 5*d + 17 - 3. List the prime factors of (-9)/((1 - 0) + g).
3
Let n(f) = 2*f**2 + f - 3. Let p be n(4). Suppose -8*m = -5*m - p. What are the prime factors of m?
11
Let r be 6/(-2)*4/(-6). Suppose -3*j = r*j - 15. Suppose 0 = -v - 5*k + 37, j*v - 2*k = -2*v + 50. What are the prime factors of v?
2, 3
Suppose 0 = -a + 3 - 0. Suppose -4*x = o - 19, 4*o - x = 3*x - 24. What are the prime factors of (o/a)/(2/(-30))?
5
Let y be 0 - 1*-10 - -2. List the prime factors of y + 0 + (1 - 1).
2, 3
Let b(u) = u**2 - 4*u - 3. Let d be b(10). Suppose 0 = -3*v + c - 5*c + 57, 3*v = -c + d. What are the prime factors of v?
19
List the prime factors of (109/2)/(3*(-2)/(-12)).
109
Suppose 4*m - g - 1574 + 482 = 0, 3*g - 1382 = -5*m. List the prime factors of m.
2, 137
Suppose -62 - 22 = -2*u. Suppose 0*z + u = 3*g - 3*z, 23 = 2*g + 3*z. What are the prime factors of g?
13
Suppose 4*m + 840 = 11*m. What are the prime factors of m?
2, 3, 5
Suppose 0 = -2*j - v - 7 - 6, 11 = -j + 4*v. Let x = 25 + j. What are the prime factors of x?
2, 3
Let i be 3/21 + 278/14. Suppose 0*f + f - 150 = -5*y, -4*y = 2*f - 126. Let t = y - i. What are the prime factors of t?
3
Let i be 562/6 - (-4)/(-6). Suppose i + 15 = 2*n. List the prime factors of (n/(-24))/(3/(-16)).
2, 3
Suppose 5*v - 76 = 89. Let f = -22 + v. What are the prime factors of f?
11
Suppose -g - 3*o - 16 = 2*o, 0 = -g + 5*o + 24. Suppose 4*b + 8 = 0, -g*w + 82 + 14 = -2*b. List the prime factors of w.
23
Let z(p) = -2*p + 6. Let y be z(6). Let i(q) = -q**2 - 6*q - 9. Let u(j) = 2*j**2 + 11*j + 18. Let w(c) = 9*i(c) + 4*u(c). What are the prime factors of w(y)?
3, 5
Let l = 0 + 3. Suppose 0 = 2*x + 3*r - 18, -l*x + 4*r = 7. Suppose 0 = 4*a + 2*y - 20, -2*a - x*y - 2*y - 6 = 0. What are the prime factors of a?
7
Suppose -4*k + 0*l = 5*l - 45, -5*k + 54 = 4*l. Let i(g) = -g**2 + 7*g - 8. Let q be i(6). Let p = k + q. What are the prime factors of p?
2
Let c(w) be the second derivative of w**5/20 - w**4/6 + w**3/2 - 3*w**2 + 2*w. What are the prime factors of c(4)?
2, 19
Suppose 0 = p + 4*p + 10. List the prime factors of 34/(-6)*-3 + p.
3, 5
Let y(l) = 6*l - 13. List the prime factors of y(19).
101
Let y(q) = -4*q**3 + 1. Let a be y(1). Let k be (-19 + 16)/((-1)/(-1)). What are the prime factors of (a - -1) + 16 + k?
11
Let l(s) = s**3 + 6*s**2 - 8*s. List the prime factors of l(-7).
7
Let d(m) = 3*m + 1. Let z be d(1). Suppose 5*a - a - z = -5*k, -3*k - 30 = -3*a. What are the prime factors of a?
2, 3
Let w be 206/(-6) - (-2)/6. Let b = w + 17. Let n = b - -28. List the prime factors of n.
11
Suppose -52 = -5*b - 2. List the prime factors of 46/b - (-18)/(-30).
2
Let i(a) = a**3 - 7*a**2 + 4*a - 8. What are the prime factors of i(7)?
2, 5
Let q = -250 + 172. What are the prime factors of ((-64)/(-24))/((-4)/q)?
2, 13
Let m(o) = 6*o. Let a(n) = -n**2 - 6*n - 3. Let v be a(-5). List the prime factors of m(v).
2, 3
Suppose 0 = -3*t + 65 + 82. What are the prime factors of t?
7
Suppose 195 = -a + 6*a. Let b = a - 57. Let c = b + 27. List the prime factors of c.
3
Suppose 0 = 4*i - 4*r - 108, 4*r + 134 = 5*i - 0*r. List the prime factors of i.
2, 13
Let v(s) = s**3 - 2*s**2 - 4*s - 2. Suppose 2*f + 0*q - 2*q = 0, 0 = -f + 2*q - 4. List the prime factors of v(f).
2, 7
Let j(f) = 9*f**3 - f**2 - 2*f - 3. Let v be j(-2). Let o = -53 - v. What are the prime factors of o?
2, 11
Let l be (-1 - -3)*(-14)/(-4). Suppose 5*d = -5*b + 20, -5*b + 47 = 3*d - l*d. What are the prime factors of ((-5)/3)/(b/(-42))?
2, 5
Let d(w) = -w**2 - 16*w + 4. List the prime factors of d(-15).
19
Suppose -26 = -z + 9. Suppose 6*a - z - 31 = 0. List the prime factors of a.
11
Suppose -765 = -5*z - y + 6*y, 769 = 5*z - 3*y. List the prime factors of z.
5, 31
Let v(i) = i + 30. What are the prime factors of v(-9)?
3, 7
Suppose -4*o - 2*t + t = -172, 0 = -4*o - 5*t + 188. List the prime factors of o.
2, 3, 7
Let w = -146 + 215. Let t = w - 33. List the prime factors of t.
2, 3
Suppose 4*l + 60 = 268. List the prime factors of l.
2, 13
What are the prime factors of -4*((-100)/(-16))/(-5)?
5
Suppose -4*a - 241 = -5*t, -2*t + 15 = t. Let w be (-698)/(-18) - 12/a. Let f = -25 + w. What are the prime factors of f?
2, 7
Let z = -14 - -10. Let o = z - -4. Suppose 2*c - 16 = -o*c. List the prime factors of c.
2
Let d = 55 + -39. Suppose -z - 3*n = -d, -4*z + 5*n + 54 = -2*z. What are the prime factors of z?
2, 11
Suppose 2*t + 0 - 4 = 0. Let a = t - -1. List the prime factors of a.
3
Suppose 4*x - 9*x = -30. What are the prime factors of (-7 + 4)*(-32)/x?
2
Suppose 2*l - 200 = -0*l. Suppose 2*y - l = -2*y. Let b = y + -13. List the prime factors of b.
2, 3
Suppose 3*d + 0*d - 9 = 0. Suppose 3*l = d*x - 15, 3*x - 3*l + 4*l = 3. Suppose i - x*i = -13. What are the prime factors of i?
13
Let w(l) = -l**3 + l - 2. What are the prime factors of w(-3)?
2, 11
Let g = 5 + -1. What are the prime factors of g?
2
Let y(c) = c**3 + 9*c**2 - 2*c + 1. List the prime factors of y(-8).
3
Suppose m - 4*v = -5, 23 = 2*m + 3*m + 4*v. Let n = -5 + 2. List the prime factors of 3*14/m + n.
11
Suppose 26 = -2*x + 4*x. What are the prime factors of x?
13
Suppose -5 = -b + 15. List the prime factors of b.
2, 5
Let x be 15*(-1)/(-3 + 2). Let l = -11 + 3. Let s = l + x. What are the prime factors o